 -o = u - 1, 4*u + y = 3*o + 3. Let h be u/8 - (-25)/2. Calculate the greatest common divisor of 48 and h.
12
Let n(a) = 4*a**2 + 12*a - 10. Let b be n(-10). What is the greatest common divisor of b and 54?
54
Let t(l) = 0 + 0*l - 2*l - 2. Let f be t(2). Let d be 2 + (f/2 - -5). Calculate the highest common divisor of d and 20.
4
Let a = 14 + -5. Suppose -3*d + 0*d + a = 0. Calculate the greatest common factor of d and 21.
3
Let k(a) = -a**2 - 14*a - 16. Let f be k(-7). Let s = -11 + 22. What is the highest common factor of s and f?
11
Let g = 2 - -8. Let n(m) = -m**2 + 2*m - 1. Let j be n(2). Let w be j/(-6) - (-238)/12. What is the greatest common factor of g and w?
10
Let r be 213 + 2 + 1*-6. Suppose -2*w = w, -2*b = -5*w + 4. Let c be (-57)/b*2/3. Calculate the greatest common divisor of c and r.
19
Suppose 4*u + 16 = 0, 5*u = 4*f - 11 - 17. Suppose -3*x - f = 1. Let a(l) = -8*l. Let r be a(x). Calculate the highest common divisor of 80 and r.
8
Let r be 16/(-24) - 302/(-3). Calculate the greatest common divisor of r and 40.
20
Let n(f) = f**2 + 14*f. Let j be n(-5). Let r = j - -220. Calculate the highest common divisor of r and 25.
25
Let o = 0 - 1. Let g = 2 - o. Calculate the greatest common factor of g and 3.
3
Suppose 5*o - 2*n + 56 = 283, -2*n - 137 = -3*o. Suppose -3*v + 0*v = -27. What is the greatest common divisor of v and o?
9
Let a(z) = z**3 + 17*z**2 - 2*z + 14. Let s be a(-17). Calculate the highest common divisor of 12 and s.
12
Let q = 111 - 30. Let m(o) = 53*o**3 + o**2 + o - 1. Let d be m(1). Calculate the highest common divisor of q and d.
27
Let f be (5 - -6)/(2/4). Let h = f + -13. Calculate the greatest common divisor of h and 72.
9
Let f = 92 - 37. What is the greatest common divisor of 11 and f?
11
Suppose -3*k + 26 = 2*n, -2*n - 2*n = 4*k - 60. What is the highest common divisor of n and 171?
19
Let h be 3 + -51*6/(-21)*7. What is the greatest common factor of h and 35?
35
Let y be ((-56)/(-16))/(2/12). Let n be ((-36)/y)/(4/(-168)). What is the highest common divisor of n and 8?
8
Let a(y) = -y**2 - 10*y + 2. Suppose -12 = 2*r + 8. Let g be a(r). Let z be ((-20)/12)/(g/(-36)). Calculate the highest common divisor of z and 20.
10
Suppose 4*c = 5*i - 512, 2*i - 2*c - 3*c - 198 = 0. Let f = 10 + 3. What is the greatest common divisor of f and i?
13
Let c(o) = o**2 + o - 4. Let p be c(0). Let u be 136 + (p/2)/2. Let r = -4 + 19. What is the highest common factor of u and r?
15
Let l(t) = 5*t**2 + 5*t - 4. Let n be l(-4). Suppose 0 = -0*c - 3*c - 207. Let d be c/(-9) + 6/(-9). Calculate the highest common factor of d and n.
7
Suppose -5*a + 8 + 37 = 0. Calculate the greatest common factor of 3 and a.
3
Let f be (-1 + 0)/(5/(-10)). Let b be (1/f*-2)/1. Let j be (b/1)/((-2)/20). Calculate the greatest common factor of j and 4.
2
Let a(v) = v**2 - 1. Let z be (10 - 6)*1/(-2). Let o be a(z). Suppose o*b = 6*b - 54. What is the highest common factor of b and 2?
2
Suppose -2*m = -5*o + 394, 0 = -4*o + m + 3*m + 320. Calculate the greatest common factor of o and 13.
13
Let y = 85 - 43. What is the highest common divisor of 6 and y?
6
Let t(p) be the second derivative of -1/2*p**2 - 1/3*p**3 + 0 + 13/12*p**4 - p. Let k be t(-1). What is the highest common divisor of 98 and k?
14
Suppose 3*j = 186 + 30. Let o(g) = g**3 - 8*g**2 + 7*g + 8. Let d be o(7). Calculate the greatest common divisor of d and j.
8
Let z(n) = -2*n + 2. Let g(a) = -2*a + 2. Let j(h) = -3*g(h) + 2*z(h). Let r be j(3). Calculate the greatest common divisor of 4 and r.
4
Suppose 5*a + 3*r = 28, 5*r + 15 = 7*a - 3*a. Let l be 1/a - (-888)/60. Calculate the highest common divisor of 6 and l.
3
Suppose 0 = 2*s + 2*q - 8, -8 = -5*s - 2*q. Let n = s - -18. Suppose 0*v + 3*m - 165 = -4*v, 5*v - m = 230. Calculate the greatest common factor of n and v.
9
Let b = 6 + 6. Let z be (-654)/(-18) + (-3)/9. Calculate the greatest common divisor of z and b.
12
Suppose 4*u - 26 = 3*p - 4*p, 5*u - 20 = 0. Suppose -75 = -15*h + p*h. Calculate the greatest common divisor of h and 60.
15
Let m = -21 + 13. Let q be m/(-6)*9/6. Suppose 0 = 5*u, -4*t - 2*u + 56 = 2*u. What is the greatest common divisor of q and t?
2
Let y be ((-25)/(-2))/(1/2). Calculate the highest common divisor of y and 50.
25
Let f be (-305)/(-20) + 1 - 3/12. Calculate the greatest common factor of 368 and f.
16
Let y be 0 - (-2 + (-3 - -1)). Let g be y/(1/(1 + 0)). Suppose 4 + g = 2*i. Calculate the highest common divisor of 32 and i.
4
Let f = 158 + -95. Suppose -j = -0*j + 2, 3*j + 41 = 5*i. What is the highest common factor of i and f?
7
Let a = -24 - -60. Let r(q) = q**2 - 7*q - 3. Let c be r(7). Let v be 26/3 + c/(-9). What is the highest common divisor of a and v?
9
Let b = -4 - -6. Suppose b*w + 55 + 15 = 0. Let a be (90/w)/((-3)/14). Calculate the highest common factor of 30 and a.
6
Let d(w) = -w + 3. Let o be d(-3). Let g be (2 + 1)*26/o. Calculate the greatest common factor of 13 and g.
13
Let w = 519 - 343. Calculate the greatest common factor of 11 and w.
11
Let a = -3 + 3. Suppose -2*u = -a*u - 16. Calculate the highest common factor of u and 12.
4
Suppose x - 4 + 0 = 0. Let w be 1/(-4) - (-9)/x. Suppose 0 = 2*o + w*o - 360. What is the highest common divisor of 10 and o?
10
Suppose 5*a = z + 558, 0 = 3*a + z - 0*z - 338. Calculate the highest common divisor of a and 14.
14
Let f = -19 + 16. Let k be (-93)/f + (-20)/5. Calculate the highest common factor of 27 and k.
27
Suppose c - 19 = 3. What is the highest common divisor of 154 and c?
22
Suppose -5 = -3*x - 20. Let g = 7 + x. Let t be -10*-3*(-4)/(-6). What is the highest common divisor of t and g?
2
Let g = 23 + -72. Let t = g - -159. Suppose -50 = -2*o - 2*o + 2*q, -4*o - 2*q = -30. What is the highest common divisor of o and t?
10
Let q(v) = 12 - v**2 + 13*v - 3*v**3 + 5*v**2 + 6*v**2 + 2*v**3. Let l be q(11). What is the highest common divisor of 51 and l?
17
Let t(s) = -s - 3. Let d be t(-6). Let m be (-32 + 33)/(1*(-1)/(-15)). What is the highest common divisor of m and d?
3
Suppose -2*z + z + 186 = 0. What is the highest common factor of z and 31?
31
Let l = 54 + -12. Suppose -2*f + f + 3*z = -l, 2*z = -4*f + 238. Let x = -13 + f. Calculate the greatest common divisor of 4 and x.
4
Suppose 4*y - 81 = -5*j, -j - 10 = -3*j. What is the highest common divisor of y and 7?
7
Suppose -g + 93 = 27. Suppose t + g = 2*t. What is the greatest common divisor of t and 6?
6
Let k(o) = 4*o**3 + 2*o**2 - o. Let m be k(1). Let w be (1/(-3))/(m/(-30)). Calculate the greatest common factor of 3 and w.
1
Let t be 0 + 3/((-3)/(-209)). Let r be (-6)/9 - 388/12. Let c = -14 - r. Calculate the highest common divisor of c and t.
19
Let i be 1*(-17)/(-2)*2. Suppose 2*v - i - 143 = 0. Suppose 0 = 4*a + 3 - 83. What is the highest common factor of v and a?
20
Suppose -4*y + 2 = -2, -4*y = b - 26. Calculate the highest common factor of b and 242.
22
Let r be 2/(-7) - 321/(-21). Let x = -24 - -34. Calculate the greatest common factor of r and x.
5
Suppose 96 = 10*o - 4*o. Calculate the greatest common factor of o and 128.
16
Let w = 165 - 155. Calculate the greatest common divisor of 10 and w.
10
Suppose -15 = 7*g - 2*g, 1 = 4*u + 5*g. Let i be (-3)/(-2) - 2/u. Calculate the greatest common divisor of i and 3.
1
Suppose -5*d + 2 = -13. Calculate the highest common factor of d and 6.
3
Suppose -15*l - 35 = -20*l. Let z = 21 - l. What is the highest common divisor of 35 and z?
7
Let z = 5 + -8. Let q(n) = n**3 + 2*n**2 - 2*n + 3. Let w be q(z). Suppose 5*i + 16 - 51 = w. Calculate the greatest common divisor of i and 63.
7
Let z = -10 - -23. Suppose -u + 0*u = 4*x + 20, -5*u + 5*x = 25. Let n be 2/u + (-157)/(-4). What is the highest common factor of n and z?
13
Let a(w) = -w**3 + 5*w**2 - w + 7. Let u be a(5). Suppose 2*n - u = n. Suppose 2*s - s - 8 = 0. Calculate the greatest common divisor of n and s.
2
Suppose 5*o - 3*b - 112 = 3*o, 0 = -b. Suppose -3*v = c - 2, -2*c - 4*v - v = -8. What is the highest common divisor of o and c?
14
Let q(k) = 9*k**2 - 3*k - 1. Let y be q(-2). Suppose r + 3*b = 27, 4*r + 3*b - y = 31. What is the greatest common divisor of 5 and r?
5
Let s be ((-1264)/14 - (-6)/21)*-1. Calculate the highest common divisor of s and 54.
18
S